, -2*r + 4*x = -4. Let k(m) be the first derivative of -2*m**2 - 4*m - r + 10 + 6. Give k(-5).
16
Let b(k) = 2*k**2 - 33*k - 31. Let d(f) = f**2 + 3*f. Let v(l) = b(l) - d(l). What is v(37)?
6
Let c(r) = 20*r - 98. Let o(a) = 39*a - 201. Let q(w) = -11*c(w) + 6*o(w). Let t(h) = 5*h - 45. Let z(v) = -4*q(v) + 11*t(v). Give z(12).
5
Let n(t) be the third derivative of t**6/240 - t**5/120 - 29*t**4/24 + 81*t**2. Let y(g) be the second derivative of n(g). What is y(1)?
2
Let h(a) be the second derivative of a**6/360 - a**5/120 - 7*a**4/8 - a**3/6 + 33*a**2 - 136*a. Let b(t) be the second derivative of h(t). What is b(-5)?
9
Suppose 3*s - 2 = 2*s. Let b(k) be the third derivative of 5*k**4/24 - k**3/2 + 2*k**2 + 237. Let o(z) = -7*z + 4. Let d(u) = 4*b(u) + 3*o(u). Give d(s).
-2
Let o be (27/6 - 4)/(14/(-112)). Let s(u) = -u**3 - 4*u**2 - 3*u - 9. Give s(o).
3
Let v = 181 - 171. Let c(r) = -v*r + 2*r - r**2 - 1 + 0*r + 5. Calculate c(-7).
11
Let o be (-32)/(4 - 8) + -5. Let t(r) = -2*r + 95*r**o - 1 + r + 13*r**2 - 92*r**3 + 0*r. Let z(x) = -x**3 - 6*x**2 + x. Let k(u) = 2*t(u) + 5*z(u). Give k(4).
10
Let z be (2 + 1)/(-3)*(-7 + 8). Let s be (z + 4)/(-10 + 9). Let m(v) = v**3 + 3*v**2 + 2*v. Determine m(s).
-6
Suppose 0 = 6*r - 10 - 14. Suppose 0 = r*u - 0*u - 16. Let t(m) = -7*m + 3. Let i(d) = -35*d + 14. Let h(w) = 2*i(w) - 11*t(w). Give h(u).
23
Let j(m) = -m + 13. Suppose 27*k + 3925 = -17. Let p = 156 + k. Calculate j(p).
3
Let y(v) be the second derivative of -5*v**3/6 - 20*v**2 + 1929*v + 1. Give y(-7).
-5
Let b(a) = -a**3 - 8*a**2 - 2*a - 11. Let n = -262 - -275. Suppose 5*w + 33 = -d, 0*d - n = d + w. Determine b(d).
5
Suppose 5*l + 5 = -z, 0 = 2*l + l + 6. Suppose -4*g - 4*x = -28 + 12, z*g - 5*x = 0. Let y(i) = 1 - i - 3*i + 3*i. Calculate y(g).
-1
Let r(n) be the first derivative of -n**2/2 + 21*n + 538. What is r(4)?
17
Let c(i) = -5*i**3 + 7*i**2 - 6*i - 18. Let p(f) = 27*f**3 - 34*f**2 + 31*f + 89. Let k(n) = 11*c(n) + 2*p(n). Calculate k(8).
12
Let q be (-15*(-2)/39*-26)/4. Let i(s) = 3*s - s**3 - 5*s**2 + s**2 + s. Calculate i(q).
5
Let l(v) = v + 1. Let s be ((-2)/(-4) + -1)/((-28)/392). Suppose -5*i + p - s = 0, -i - 2*p - 7 = -5*p. What is l(i)?
0
Let a(d) = -d**2 - 6*d - 7. Let c(o) be the second derivative of -o**3/3 - o**2/2 + 78*o. Let k(n) = a(n) - 5*c(n). Calculate k(3).
1
Let f(b) = -34*b + 29. Let l(t) = -24*t + 29. Let v(g) = -2*f(g) + 3*l(g). What is v(4)?
13
Suppose k - 5 = -0*k. Suppose k - 30 = -5*u. Let g(b) = -31*b + u*b + 13*b + 12*b + 1. Determine g(0).
1
Suppose 0*p = -4*p - 2*m - 696, -2*p = 3*m + 340. Let y = p + 171. Let a(g) = -g**3 - 6*g**2 - 3*g - 6. Determine a(y).
-16
Let b(h) be the second derivative of h**4/12 - h**3/2 - 31*h**2 + 5*h - 18. Let n be b(-6). Let j(k) = -2*k - 14. Calculate j(n).
2
Let m be ((-1)/2)/(15/30). Let v be m/(((-56)/(-64))/7). Let y(w) be the second derivative of w**4/12 + 7*w**3/6 - 11*w**2/2 + w. What is y(v)?
-3
Let s(j) = -j**2 + j - 5. Let i(h) = 2*h + 1. Let q(f) = -2*i(f) - s(f). Suppose -4*u + 32 = 4*n, 0 = 5*n + 6 - 21. Calculate q(u).
3
Let d(n) = n**2 - 9*n + 2. Let p(g) = -3*g**2 + 3*g**2 + 19*g - 2*g**2 + 0*g**2 + 191 - 195. Let m be -7 + 0/(2/(-2)). Let l(o) = m*d(o) - 3*p(o). Give l(5).
3
Let p(v) = 7*v**3 - 27*v**2 + 17*v + 64. Let z(b) = -15*b**3 + 60*b**2 - 34*b - 128. Let s(h) = -13*p(h) - 6*z(h). Determine s(-8).
8
Let o(q) = q**3 + 7*q**2 + 3*q - 7. Let c(s) be the third derivative of s**5/60 + 17*s**4/24 - 4*s**3 + 7*s**2 + 2*s. Let z be c(-18). What is o(z)?
11
Suppose -158*d = -159*d + 1. Let b(n) = -1. Let t(r) = -2*r - 2. Let o(v) = d*t(v) + 4*b(v). Determine o(-5).
4
Let j = -676 - -682. Let i(d) = 4 - j*d**3 + 12*d**2 + 5*d**3 + 5*d - 7*d**2. What is i(6)?
-2
Let b(g) = -20 + 55*g**3 - 118*g**3 + 3*g + 12 + 4*g + 9*g**2 + 64*g**3. Suppose 0 = 4*n - 0*n - 92. Suppose -n = 3*i + 1. Give b(i).
0
Let b(c) = -10*c - 69*c**2 - 6*c - 11 + 146*c**2 + 2*c - 78*c**2. Determine b(-11).
22
Let x(c) = -c**2 - 7*c + 8. Suppose 3*n - 61 = 10*s - 14*s, -10 = 2*n. Suppose -s*j - 8 = 144. Give x(j).
0
Suppose -2*m + 8 = 0, -4*m = -5*c - 3*m + 66. Let f(r) = 650*r - 635*r - 8 + 1581*r**2 - 1582*r**2. Give f(c).
6
Suppose -3294 = -138*t + 132*t. Let x = t + -543. Let n(w) = w**3 - 6*w**2 - 6*w - 1. What is n(x)?
-37
Let w(p) = p**3 - 17*p**2 - 5*p + 48. Let o(t) = t**2 - t - 8. Let z(d) = -6*o(d) - w(d). Let c(g) = 5*g + 2. Let k be c(2). What is z(k)?
-12
Let u(y) = -y. Let r be 1/2 + 18/(-4) + 6. Suppose -5*j + r*m - 42 = 0, -4*j - 3*m = 40 - 11. Calculate u(j).
8
Let z(i) = -764*i - 757*i + 0 + 1506*i - 5*i**2 + 5. What is z(-5)?
-45
Let r(z) = 6*z + 171. Suppose -44*n + 1050 = -41*n - 38*n. Determine r(n).
-9
Let j be (-102)/60 + 3 + 10/(-8). Let q(a) be the second derivative of -7/6*a**3 + 1/2*a**2 + 10*a + 0 - j*a**5 - 2/3*a**4. Calculate q(-7).
1
Let y(s) = -s**3 + 6*s**2 + 9*s - 8. Let v(l) = 1 - 46*l + 29*l + 23*l. Let z be v(1). Calculate y(z).
6
Let p(x) = -9*x**3 + x**2 - 5*x + 3. Let b = 298 + -297. Let a be p(b). Let i(d) = d**2 + 7*d - 11. What is i(a)?
19
Let l(s) = 5*s**2 + 4*s - 5. Let v(x) = -26*x**2 - 21*x + 27. Let r = -86 + 88. Let h(k) = r*v(k) + 11*l(k). Calculate h(3).
32
Let j(g) = g**3 - 29*g**2 - 32*g + 73. Suppose -38*z + 5*q = -42*z + 130, 158 = 5*z + 4*q. Determine j(z).
13
Let z = -69 - -56. Let n(d) = d**3 + 12*d**2 - 15*d - 30. Give n(z).
-4
Let r = 5 + -12. Let f = r - -10. Let o(z) be the second derivative of -z**3/6 - z**2 - 8*z. Give o(f).
-5
Let h(o) = -o**3 + 8*o**2 + 8*o + 14. Suppose -2*n - 135 = s, -3*n - 555 = 8*s - 4*s. Let z = 150 + s. What is h(z)?
5
Let k(n) = 802*n**3 - 11*n**2 + 790*n**3 - 3*n + 4*n**2 - 2382*n**3 + 789*n**3 + 22. What is k(-5)?
-13
Let m(n) be the second derivative of -3/2*n**2 - 5/6*n**3 + 1 + 52*n. Give m(-4).
17
Suppose -2*c + 0*c = 12. Let v = 13 + c. Let n(b) be the second derivative of -b**3/6 + 4*b**2 - 3030*b. Calculate n(v).
1
Let y = 10718 + -10730. Let q(r) = r**3 + 13*r**2 + 7*r - 14. Determine q(y).
46
Let z(a) be the second derivative of a**5/20 - a**4/6 + a**3/2 + 19*a**2/2 - 1585*a. What is z(0)?
19
Suppose -3*r = -4*r + 3. Let k(b) = b**3 + 3589*b**2 + 3599*b**2 - 7191*b**2 - 5 + 5 + 3*b. Give k(r).
9
Let i(s) = 3 - 5 + 4 - 2*s. Let b(z) = -6*z + 70. Let o be b(9). Suppose 2*a - 3*j - o = 0, j + 6 = -a + 2*a. Give i(a).
-2
Let n(q) = -q**3 - 28*q**2 - 2*q - 60. Suppose 9*h - 6*h + 86 = -2*y, -2*h = 2*y + 58. Give n(h).
-4
Let w(b) = -b**3 + 2*b - 1. Suppose l = 1, 3*l = -10*k + 5*k - 922. Let i = 188 + k. Determine w(i).
-22
Let z(s) be the second derivative of -s**5/20 - 5*s**4/12 + 4*s**3/3 + 4*s**2 + 6*s + 490. Suppose 3*y - 8 = -4*i - 46, 0 = 2*y - 5*i - 13. Calculate z(y).
-4
Let x(r) = -r**2 - 2*r + 1. Suppose 15 = 5*i + 5*f, 10*i + 4*f = 12*i. Suppose 0 = 4*u - 5*l - 5, i*u + 0*u - 2*l = 0. Give x(u).
-14
Let t(r) = r**3 - 4*r**2 + 3*r + 4. Suppose 2*z + 5 = 3*b + 2, 0 = -3*z + 12*b - 12. Calculate t(z).
4
Let j(i) = -5*i**3 + 29*i**2 + 28*i - 14. Let t(y) = y**3 + y**2 + 2*y. Let l(u) = -j(u) - 3*t(u). Determine l(17).
14
Let y(g) be the third derivative of 5*g**4/24 - 11*g**3/2 + 710*g**2 + 4. Calculate y(10).
17
Let v = 708 - 711. Let q(s) = s**3 + 5*s**2 + 3*s + 3. Determine q(v).
12
Let i(p) = -3*p**3 - 6*p**2 - p - 5. Let u(y) = -3*y**3 - 5*y**2 - y - 4. Let r(s) = 5*i(s) - 6*u(s). Suppose -33*h = -72*h - 24*h + 63. Calculate r(h).
3
Let q(u) = 2*u**3 + 85*u**2 - 20*u - 10. Let z(c) = -39*c**2 + c - 1. Let r(j) = q(j) + 2*z(j). What is r(-5)?
3
Let j(l) = l**3 + 10*l**2 + 16*l. Let x(n) = n**3 + 11*n**2 + 19*n - 1. Let w(r) = 5*j(r) - 4*x(r). What is w(-4)?
20
Let x(y) = -y**2 - y - 7. Let a be 3 + 20/(-5) - -4. Let r(p) = -16*p**2 - 6 + a*p - 5*p + 19*p**2 + 4*p - p**3. Let z be r(3). Give x(z).
-7
Let h(n) be the second derivative of n**3/3 - 5*n**2/2 + n. Let s(g) = -4*g**2 - 59*g - 97. Let d be s(-2). Give h(d).
5
Let i(t) be the second derivative of t**3/6 + t**2/2 - 2*t - 241. Suppose -7*a + 2*a = -60. Let w(f) = f**2 - 12*f - 3. Let u be w(a). What is i(u)?
-2
Let h be (4/2)/(-3 + 1). Let r(j) = -2*j + j - j**2 - 616*j**3 - 1 + 1865*j**3 - 642*j**3 - 638*j**3. Determine r(h).
30
Let x(q) = -43*q. Let f be 1*-1*((-10)/(-15) - (-27)/81). What is x(f)?
43
Suppose